 divided by h(-11).
11
Let y(b) = b**3 - b**2 + b + 3. What is the remainder when 4*4/(-20)*-10 is divided by y(0)?
2
Suppose 3*b - 3*t + 15 + 18 = 0, 68 = -3*b - 4*t. Let x = b + 34. What is the remainder when 52 is divided by x?
16
Let k(l) = l**3 + 6*l**2 - 3*l. Let a(b) = -6*b - 3. Calculate the remainder when k(-5) is divided by a(-4).
19
Suppose 0 = -3*m + 3*x + 12 + 18, 3*m = 5*x + 24. Suppose -2 + 0 = -n. What is the remainder when 2*n/(-8)*-74 is divided by m?
11
Let m = 48 + 6. What is the remainder when m is divided by 11?
10
Let g = -16 - -36. Calculate the remainder when g is divided by 11.
9
Let m(w) be the third derivative of w**5/30 + w**4/3 - w**3 - w**2. Calculate the remainder when 4 is divided by m(-5).
0
Suppose 4*l = -3*s - l + 59, 3*s = -l + 67. What is the remainder when 112 is divided by s?
20
Let s(v) be the first derivative of -11*v**2/2 + 4. Calculate the remainder when s(-5) is divided by 19.
17
What is the remainder when 250 is divided by (-69)/46 - (-87)/2?
40
Suppose 0 = -4*t + 3*w + 33, w - 3 = -t + 7. What is the remainder when 52 is divided by t?
7
Let v be 3 + -1 + (-1 - -2). Suppose 2*j = 2*u - 12, 3*j - 70 = -2*u - v*u. Calculate the remainder when 43 is divided by u.
10
Let x = -14 + 6. Suppose -2*w + 66 = -2*d, 2*w = -2*d - d + 56. Let q = x + w. Calculate the remainder when q is divided by 8.
7
Suppose -2*p + 4 = i - 4, -24 = -5*i - 2*p. What is the remainder when 4 is divided by i?
0
Let c(a) = 5*a**2 + 14*a + 12. Let m(s) = -4*s**2 - 13*s - 11. Let k(y) = 3*c(y) + 4*m(y). What is the remainder when 25 is divided by k(-7)?
12
Suppose 24 - 78 = -6*v. Suppose 0 = -4*u + 85 + 11. What is the remainder when u is divided by v?
6
Calculate the remainder when 36 is divided by (-5 + 1)/(4/(-14)).
8
Let v = -9 + 19. What is the remainder when 48 is divided by v?
8
Let x(y) = 2*y**3 - 2*y**2 - 1. Calculate the remainder when 18 is divided by x(2).
4
Let a(q) = 2*q**2 + q - 2. Let i be a(-2). Suppose 0 = 5*y - i - 66. Calculate the remainder when 40 is divided by y.
12
Let z(m) = m**2 + 3*m + 4. Let k be z(-4). Suppose 0 = -5*f + k + 42. What is the remainder when f is divided by 4?
2
Let g = -2 + 7. Suppose -2*p - g*a = 2*p - 24, -19 = p - 5*a. What is the remainder when 2 is divided by p?
0
Let k = -3 - -8. Suppose 0 = -k*w + 13 + 7. Calculate the remainder when 19 is divided by w/14 + 33/7.
4
Calculate the remainder when 57/(28/8 + -2) is divided by 10.
8
Suppose -3*y = -0*y - 12. Let s = 5 - -3. Let n = s - y. What is the remainder when 6 is divided by n?
2
Suppose 0 = -5*q + 31 + 19. Suppose 3*r = 6, 5*h - 4*r - 354 = -r. Suppose f + 3*f = h. What is the remainder when f is divided by q?
8
Let t be (-3 + 2 - 3) + 4. Suppose t*o + 4*o - 40 = 0. What is the remainder when o is divided by 7?
3
Suppose 5 = -h, -2*l = 2*h + 3*h - 23. Suppose -42 = -4*i + 10. What is the remainder when l is divided by i?
11
Suppose -120 = m - 4*m. Suppose -4*o + 17 - 123 = -5*w, -2*w + 4*o = -m. Calculate the remainder when w is divided by 8.
6
Let d(j) = j**3 + j + 11. Let a(o) = 4*o**2 - 29*o - 22. Calculate the remainder when a(9) is divided by d(0).
8
Suppose 2*a - 5*d = 1 - 26, 15 = -5*a + 3*d. Suppose a = 5*j + 15, -4*w + 4*j = 10 - 34. Calculate the remainder when 37/w*(-3)/(-1) is divided by 13.
11
Let w = 7 - 11. Let n(t) = -4*t**3 + 2 + 5*t**3 - 4*t**2 - 3*t**3 + t**3. Calculate the remainder when 3 is divided by n(w).
1
Suppose -6*c + 18 + 6 = 0. Calculate the remainder when c is divided by 2.
0
Let j(w) = w**3 + 6*w**2 - 17*w + 9. What is the remainder when j(-8) is divided by 10?
7
Let w = 37 + -25. Suppose -5*n + 12 = -n. Suppose -o - 3*u - 43 = -n*o, 2 = 2*u. What is the remainder when o is divided by w?
11
Suppose 0*m - 4*m - 167 = -3*k, 123 = 2*k - 5*m. What is the remainder when k is divided by 13?
10
Let y be ((-1)/2)/(1/2). Let v(z) = 9*z**2 + 9*z**2 + 1 - z - 2 + 4*z**2. What is the remainder when 43 is divided by v(y)?
21
Suppose -f + 7 = -21. Calculate the remainder when f is divided by 10.
8
Let d = -119 + 198. Let g = d + -45. What is the remainder when 67 is divided by g?
33
Let g(m) = m**3 - m**2 + m + 15. Suppose 3*t + 5*i - 39 = 0, -12 = -3*t + 2*i + 2*i. Calculate the remainder when g(0) is divided by t.
7
Suppose 17*k = -24 + 126. Let w(t) = -t + 1. Let n be w(-2). What is the remainder when (n + -1)/(4/22) is divided by k?
5
Suppose -t = 4*k - 0 - 4, 12 = 3*t + 2*k. Suppose 4*o - 18 = 2*s, -s = s + 6. What is the remainder when t is divided by o?
1
Suppose 3*a - 7*b = -3*b + 31, 4*a = -5*b. Suppose -2*z + 3*r + 50 = 2*r, -a*r = 5*z - 110. What is the remainder when z is divided by 9?
6
Let c(q) = q. Let u be c(-5). Let t = 7 + u. What is the remainder when 33 is divided by 18 + t + 6/(-2)?
16
Let t(b) = -3*b - 8. Calculate the remainder when 63 is divided by t(-7).
11
Suppose 5*x = 46 - 11. Suppose x*d - 108 = 3*d. Calculate the remainder when 52 is divided by d.
25
Suppose -5*i = 2*b - i, -4*b - 3*i + 10 = 0. What is the remainder when 55 is divided by (57/b)/(9/12)?
17
Let n(w) = w**2 + 1. Let x(p) = -3*p - 15. Calculate the remainder when n(2) is divided by x(-6).
2
Let f be ((-15)/(-6) + -1)*2. Suppose g - 2*x - 15 = -f*x, 0 = 5*g - 4*x - 66. What is the remainder when g is divided by 8?
6
Let x be (28/(-10))/(1/5). Let c = x + 50. What is the remainder when (0 - 6)*c/(-8) is divided by 14?
13
Let y(u) = -2*u**3 + 7*u**2 - 7*u + 6. Let v be y(5). Let r = 159 + v. Calculate the remainder when r is divided by 19.
17
Suppose 0 = -2*f + f + 5*w + 35, 0 = -3*f + 3*w + 105. What is the remainder when f is divided by 10?
5
Let z = -79 - -127. What is the remainder when 334 is divided by z?
46
Suppose 5*z - 16 = -4*q, 3*z - z + 20 = 5*q. Suppose -2*y = -y - 3*k - 14, z = 4*k - 4. What is the remainder when 49 is divided by y?
15
Let a(w) = w**3 - 7*w**2 + 11. Calculate the remainder when 21 is divided by a(7).
10
Suppose 5*a = -3*f - 26, -a - 3*a - 25 = 3*f. Let t = 7 - f. Suppose 12 = 4*w - 92. What is the remainder when w is divided by t?
12
Suppose 0*i + 3*i = 114. Calculate the remainder when i is divided by 13.
12
What is the remainder when 17 - (3/(-6) - (-7)/(-2)) is divided by (10 - -1)*(5 + -4)?
10
Suppose 26*t - 25*t = 14. What is the remainder when 209 is divided by t?
13
Let p = -131 - -142. Calculate the remainder when 20 is divided by p.
9
Let t be (28/(-6))/((-10)/75). Suppose 11 - t = -3*j. What is the remainder when 1/(0 - 1)*-22 is divided by j?
6
Let u = 11 + -9. Calculate the remainder when 6 is divided by u.
0
Let w = 23 + -2. What is the remainder when w is divided by -2 + (14 - -2) + -3?
10
Let x be -2*(0 + (-1 - 0)). Suppose x*d = 2*p - 12, 0*d = -3*p + 2*d + 16. Calculate the remainder when 9 is divided by p.
1
Let n(u) = 7*u - u**3 + 3 - 2*u + 0 - 4*u**2. Let q be n(-5). What is the remainder when 56 is divided by 19/(q + 3 + -5)?
18
Let m = 64 + -55. What is the remainder when 21 is divided by m?
3
Let l(j) = j**3 - 9*j**2 + 10*j - 6. Suppose -2*i + 11 = -5. Calculate the remainder when l(i) is divided by 3.
1
Let n(h) = h**2 - 7*h + 5. Let o be n(7). Let r(b) = 3*b + 4. Suppose -4*f + 3*d + 55 = 0, 3*f - 12 = -4*d - 2. What is the remainder when r(o) is divided by f?
9
Let b be (-53)/(-3) + (-3)/(-9). Suppose 0 = 4*m - 3*y - 96, 0*y = -m + 3*y + 33. What is the remainder when m is divided by (-3)/b + 73/6?
9
Let l = 119 - -73. Suppose -4*m + 2*k + l = 0, m + 2*k = 4*k + 48. What is the remainder when 1 + (0 - 0) + m is divided by 13?
10
Let t = 118 - 95. Suppose -d + 0*d = -6. Calculate the remainder when t is divided by d.
5
Let m(i) = i**2 + 2*i. Let c be m(-4). Let f = 4 + -4. Suppose c*x - 3*x - 220 = f. Calculate the remainder when x is divided by 15.
14
Let y be 99/(-5) - 2/10. Let b be (-7 - -1)/(6/32). Let u = y - b. What is the remainder when u is divided by 7?
5
Suppose 2*r - 5*r - 9 = 0. Calculate the remainder when (-2)/(-2) - (-14 - 1) is divided by -9*((-9)/r)/(-3).
7
Let h(x) = -4*x - 5. Let f(r) = -r + 1. Let g(t) = f(t) - h(t). Let b be g(-6). What is the remainder when (-3)/b + 597/12 is divided by 17?
16
Let u = 49 + -28. Suppose -2*v + 7*v + 2*j = -60, 0 = 5*j. What is the remainder when u is divided by (-75)/(-7) + v/(-42)?
10
Suppose 0 = -5*c + 33 +